{"id":2548,"date":"2016-10-06T23:21:45","date_gmt":"2016-10-06T23:21:45","guid":{"rendered":"http:\/\/jaskinia-eden.pl\/?page_id=2548"},"modified":"2017-10-02T10:02:35","modified_gmt":"2017-10-02T10:02:35","slug":"kontakt","status":"publish","type":"page","link":"https:\/\/jaskiniaeden.pl\/?page_id=2548","title":{"rendered":"Kontakt"},"content":{"rendered":"<div id=\"pl-2548\"  class=\"panel-layout\" ><div id=\"pg-2548-0\"  class=\"panel-grid panel-has-style\" ><div style=\"color: #ffffff; \" class=\"panel-row-style panel-row-style-for-2548-0\" ><div id=\"pgc-2548-0-0\"  class=\"panel-grid-cell\" ><div id=\"panel-2548-0-0-0\" class=\"so-panel widget widget_sow-editor panel-first-child panel-last-child\" data-index=\"0\" ><div\n\t\t\t\n\t\t\tclass=\"so-widget-sow-editor so-widget-sow-editor-base\"\n\t\t\t\n\t\t><h3 class=\"widget-title\">Kontakt<\/h3>\n<div class=\"siteorigin-widget-tinymce textwidget\">\n\t<\/div>\n<\/div><\/div><\/div><\/div><\/div><div id=\"pg-2548-1\"  class=\"panel-grid panel-has-style\" ><div style=\"background-color: #ffffff; \" class=\"panel-row-style panel-row-style-for-2548-1\" ><div id=\"pgc-2548-1-0\"  class=\"panel-grid-cell\" ><div id=\"panel-2548-1-0-0\" class=\"so-panel widget widget_sow-contact-form panel-first-child panel-last-child\" data-index=\"1\" ><div\n\t\t\t\n\t\t\tclass=\"so-widget-sow-contact-form so-widget-sow-contact-form-default-08ff0c304b10-2548\"\n\t\t\t\n\t\t><h3 class=\"widget-title\">Formularz kontaktowy<\/h3>\t<form\n\t\taction=\"\/index.php?rest_route=%2Fwp%2Fv2%2Fpages%2F2548\"\n\t\tmethod=\"POST\"\n\t\tclass=\"sow-contact-form\"\n\t\tid=\"contact-form-ce1b\"\n\t>\n\n\t\t\n\t\t\t\t\t<div class=\"sow-form-field sow-form-field-name\">\n\t\t\t\t<label class=\"sow-form-field-label-above\" for=\"sow-contact-form-field-imie-nazwisko-1\">\n\t\t\t\t<strong>\n\t\t\t\t\tImi\u0119, Nazwisko\t\t\t\t\t\t\t\t\t<\/strong>\n\t\t\t<\/label>\n\t\t\t\t\t\t\t<div class=\"sow-field-container\">\n\t\t\t\t\t\t\t<input\n\t\t\ttype=\"text\"\n\t\t\tname=\"imie-nazwisko-1\"\n\t\t\tid=\"sow-contact-form-field-imie-nazwisko-1\"\n\t\t\tvalue=\"\"\n\t\t\tclass=\"sow-text-field\"\n\t\t\t\t\t\t\t\t\/>\n\t\t\t\t\t\t<\/div>\n\t\t\t\t\t\t\t<\/div>\n\t\t\t\t\t\t<div class=\"sow-form-field sow-form-field-email\">\n\t\t\t\t<label class=\"sow-form-field-label-above\" for=\"sow-contact-form-field-adres-email-1\">\n\t\t\t\t<strong>\n\t\t\t\t\tAdres Email\t\t\t\t\t\t\t\t\t<\/strong>\n\t\t\t<\/label>\n\t\t\t\t\t\t\t<div class=\"sow-field-container\">\n\t\t\t\t\t\t\t<input\n\t\t\ttype=\"email\"\n\t\t\tname=\"adres-email-1\"\n\t\t\tid=\"sow-contact-form-field-adres-email-1\"\n\t\t\tvalue=\"\"\n\t\t\tclass=\"sow-text-field\"\t\t\t\t\t\t\t\t\/>\n\t\t\t\t\t\t<\/div>\n\t\t\t\t\t\t\t<\/div>\n\t\t\t\t\t\t<div class=\"sow-form-field sow-form-field-textarea\">\n\t\t\t\t<label class=\"sow-form-field-label-above\" for=\"sow-contact-form-field-wiadomosc-1\">\n\t\t\t\t<strong>\n\t\t\t\t\tWiadomo\u015b\u0107\t\t\t\t\t\t\t\t\t<\/strong>\n\t\t\t<\/label>\n\t\t\t\t\t\t\t<div class=\"sow-field-container\">\n\t\t\t\t\t\t\t<textarea\n\t\t\tname=\"wiadomosc-1\"\n\t\t\tid=\"sow-contact-form-field-wiadomosc-1\"\n\t\t\trows=\"10\"\n\t\t\t\t\t\t\t\t><\/textarea>\n\t\t\t\t\t\t<\/div>\n\t\t\t\t\t\t\t<\/div>\n\t\t\t\n\t\t\n\t\t<div class=\"sow-submit-wrapper \n\t\tsow-submit-styled\t\t\">\n\n\t\t\t<button\n\t\t\t\ttype=\"submit\"\n\t\t\t\tclass=\"sow-submit\n\t\t\t\t\t\t\t\t\"\n\t\t\t\t\t\t\t>\n\t\t\t\tWy\u015blij wiadomo\u015b\u0107 \u2192\t\t\t<\/button>\n\t\t<\/div>\n\t\t\t\t<input\n\t\t\ttype=\"hidden\"\n\t\t\tname=\"instance_hash-1\"\n\t\t\tvalue=\"ce1bcda6\"\n\t\t\/>\n\n\t\t<input type=\"hidden\" id=\"_wpnonce\" name=\"_wpnonce\" value=\"b2037acbfc\" \/><input type=\"hidden\" name=\"_wp_http_referer\" value=\"\/index.php?rest_route=%2Fwp%2Fv2%2Fpages%2F2548\" \/>\t<\/form>\n\t<\/div><\/div><\/div><div id=\"pgc-2548-1-1\"  class=\"panel-grid-cell\" >\t\t<section id=\"services\" class=\"services-area\">\r\n\t\t\t<div class=\"container\">\r\n\t\t\t\t<h3 class=\"widget-title\"><span class=\"wow bounce\">Serdecznie zapraszamy:<\/span><\/h3>\t\t\t\t\t\t\t\t\t\t\t\t\t\t\t\t\t\t\t<div class=\"service col-md-4 col-sm-6 col-xs-6\">\r\n\t\t\t\t\t\t\t\t\t\t\t\t\t\t\t\t\t\t\t\t<span class=\"service-icon wow zoomInDown\"><i class=\"fa fa-map-marker\"><\/i><\/span>\t\t\t\t\t\t\t\t\t\t\t\t<h4 class=\"service-title wow fadeInUp\">Zapraszamy do Jaskini Eden<\/h4><div class=\"service-desc wow fadeInUp\"><p><span style=\"font-size: 16px;\"><strong><span style=\"text-decoration: underline;\">Nasz adres<\/span>:<\/strong><\/span><\/p>\r\n<p><span style=\"font-size: 16px; color: #f44336;\"><strong>ul. Bandurskiego 22 A \/ lok. 2<\/strong><\/span><\/p>\r\n<p><span style=\"font-size: 16px;\">05-270 Marki \/ ko\u0142o Warszawy<\/span><\/p>\r\n<p><span style=\"font-size: 16px; color: #f44336;\">tel.<strong> +48 663 15 4114<\/strong><\/span><\/p><\/div>\t\t\t\t\t<\/div>\r\n\t\t\t\t\t\t\t\t\t\t\t\t\t\t\t\t\t\t\t<div class=\"service col-md-4 col-sm-6 col-xs-6\">\r\n\t\t\t\t\t\t\t\t\t\t\t\t\t\t\t\t\t\t\t\t<span class=\"service-icon wow zoomInDown\"><i class=\"fa fa-clock-o\"><\/i><\/span>\t\t\t\t\t\t\t\t\t\t\t\t<h4 class=\"service-title wow fadeInUp\">Kiedy mamy otwarte<\/h4><div class=\"service-desc wow fadeInUp\"><p>Jeste\u015bmy otwarci &#x1f60a;\u00a0Ka\u017cdego dnia od Poniedzia\u0142ku do Soboty !<\/p>\r\n<div dir=\"auto\">Mimo nowych obostrze\u0144 nasza Jaskinia EDEN dzia\u0142a i zaprasza do ZDROWEGO ODDYCHANIA I ODPORNO\u015aCI WZMACNIANIA.<\/div>\r\n<div dir=\"auto\">Prowadzimy dzia\u0142ano\u015b\u0107 lecznicz\u0105 i nie podlega ona wprowadzonym obostrzeniom.<\/div>\r\n<p>&nbsp;<\/p>\r\n<p>&nbsp;<\/p>\r\n<p style=\"padding-left: 30px;\"><strong><span style=\"font-size: 16px;\"><span style=\"text-decoration: underline;\">Seanse zaczyn\u0105ja sie o pe\u0142nych godzinach.\u00a0\u00a0<\/span><\/span><\/strong><strong><span style=\"font-size: 16px;\"><span style=\"text-decoration: underline;\">Z uwagi na obostrzenia - ilo\u015b\u0107 os\u00f3b ograniczona.<\/span><\/span><\/strong><\/p>\r\n<p style=\"padding-left: 30px;\"><strong><span style=\"font-size: 16px;\">REZERWACJI\u00a0 mo\u017cna dokona\u0107 telefonicznie, sms-owo pod nr. tel. kom. 663 15 4114.<\/span><\/strong><\/p>\r\n<p style=\"padding-left: 30px;\">Jeste\u015bmy otwarci\u00a0 w zale\u017cno\u015bci od um\u00f3wionych rezerwacji, co oznacza, \u017ce\u00a0 nasz sklep ze zdrowymi produktami r\u00f3wnie\u017c jest otwarty podczas odbywaj\u0105cych sie inhalacji.<\/p>\r\n<p style=\"padding-left: 30px;\">Proponowane godziny popo\u0142udniowe od pon - pt.:<\/p>\r\n<p style=\"padding-left: 30px;\"><strong><span style=\"color: #ff7f00;\">dla rodzin z dzie\u0107mi<\/span><\/strong>\u00a0 \u00a0 \u00a0 \u00a0 \u00a0 \u00a0\u00a0<span style=\"color: #320000;\"><strong><span style=\"background-color: #ffffff;\">\u00a016:00 i 18:00<\/span><\/strong><\/span><\/p>\r\n<p style=\"padding-left: 30px;\"><strong><span style=\"color: #ff7f00;\">dla doros\u0142ych bez dzieci<\/span><\/strong>\u00a0 \u00a0<strong><span style=\"color: #f44336;\">\u00a0 <span style=\"color: #320000;\">15:00, 17:00 oraz 19:00 tylko w pon. i czw.<\/span><\/span><\/strong><\/p>\r\n<p style=\"padding-left: 30px;\">Sobota na um\u00f3wione wizyty (zwykle 11:00-16:00)<\/p>\r\n<p>\u00a0 \u00a0 \u00a0 \u00a0 Mo\u017cliwe inne godziny oraz\u00a0Rezerwacje indywidualne &#x1f60a;<\/p>\r\n<p>\u00a0 \u00a0 \u00a0 \u00a0 Aktualne informacje na naszym\u00a0 FB\u00a0<a href=\"http:\/\/www.facebook.com\/Jaskinia.Solna.EDEN\">www.facebook.com\/Jaskinia.Solna.EDEN<\/a><\/p>\r\n<p style=\"padding-left: 30px;\"><strong>Zach\u0119camy do rezerwacji <span style=\"color: #ff7f00;\">seans\u00f3w indywidualnych<\/span>\u00a0 (ca\u0142a jaskinia na wy\u0142\u0105czno\u015b\u0107) <\/strong><strong>- koszt ju\u017c od 50 pln za os. dor. + dziecko do 3 lat.<\/strong><\/p>\r\n<p style=\"padding-left: 30px;\">Nie umawiamy os\u00f3b chorych ani kaszl\u0105cych!\u00a0\u00a0<\/p>\r\n<p style=\"padding-left: 30px;\"><strong>Pami\u0119tamy o zabraniu dodatkowych jasnych skarpetek<\/strong> (je\u015bli zapomnimy mo\u017cna je naby\u0107 u nas) \u00a0oraz zapoznaniu si\u0119 z naszym regulaminem <span style=\"color: #f44336;\"><strong>(..)<\/strong><\/span><\/p>\r\n<p style=\"padding-left: 30px;\"><strong><em><span style=\"font-size: 20px;\">Walcz ze STRESEM ODDECHEM!<\/span><\/em><\/strong><\/p><\/div>\t\t\t\t\t<\/div>\r\n\t\t\t\t\t\t\t<\/div>\r\n\t\t\t\t\t\t\t\t\t\r\n\t\t<\/section>\t\t\r\n\t<\/div><\/div><\/div><div id=\"pg-2548-2\"  class=\"panel-grid panel-has-style\" ><div style=\"background-color: #ffffff; \" class=\"panel-row-style panel-row-style-for-2548-2\" ><div id=\"pgc-2548-2-0\"  class=\"panel-grid-cell\" ><div id=\"panel-2548-2-0-0\" class=\"so-panel widget widget_sow-editor panel-first-child panel-last-child\" data-index=\"3\" ><div class=\"panel-widget-style panel-widget-style-for-2548-2-0-0\" ><div\n\t\t\t\n\t\t\tclass=\"so-widget-sow-editor so-widget-sow-editor-base\"\n\t\t\t\n\t\t><h3 class=\"widget-title\">Zobacz na mapie<\/h3>\n<div class=\"siteorigin-widget-tinymce textwidget\">\n\t<style type=\"text\/css\" id=\"gmpMapStyles_1_49902\">\r\n\t#google_map_easy_1_49902 {\r\n        width: 100%;\r\n        height: 400px;\r\n\t\t\t\t\t\t    }\r\n\t#gmapControlsNum_1_49902 {\r\n\t\twidth:100%\t}\r\n\t.gmpMapDetailsContainer#gmpMapDetailsContainer_1_49902 {\r\n\t\theight:400px;\r\n\t}\r\n\t.gmp_MapPreview#google_map_easy_1_49902 {\r\n\t\t\/*position:absolute;*\/\r\n\t\twidth: 100%;\r\n\t}\r\n\t#mapConElem_1_49902{\r\n\t\twidth: 100%\t}\r\n    .gm-style .gm-style-iw-c{\r\n        padding: 12px!important;\r\n    }\r\n\t    <\/style>\r\n <div class=\"gmp_map_opts\" id=\"mapConElem_1_49902\" data-id=\"1\" data-view-id=\"1_49902\" > <div class=\"gmpMapDetailsContainer\" id=\"gmpMapDetailsContainer_1_49902\"> <i class=\"gmpKMLLayersPreloader fa fa-spinner fa-spin\" aria-hidden=\"true\" style=\"display: none;\"><\/i> <div class=\"gmp_MapPreview \" id=\"google_map_easy_1_49902\"><\/div> <\/div> <div class=\"gmpMapMarkerFilters\" id=\"gmpMapMarkerFilters_1_49902\"> <\/div> <div class=\"gmpMapProControlsCon\" id=\"gmpMapProControlsCon_1_49902\"> <a title=\"Google Map WordPress\" style=\"display:none;\" href=\"https:\/\/supsystic.com\/plugins\/google-maps-plugin\/?utm_medium=love_link_hide\" target=\"_blank\">Google Map WordPress<\/a><div style=\"clear: both;\"><\/div> <\/div> <div class=\"gmpMapProDirectionsCon\" id=\"gmpMapProDirectionsCon_1_49902\" > <\/div> <div class=\"gmpMapProKmlFilterCon\" id=\"gmpMapProKmlFilterCon_1_49902\" > <\/div> <div class=\"gmpSocialSharingShell gmpSocialSharingShell_1_49902\"> <\/div> <div style=\"clear: both;\"><\/div> <\/div> \n<\/div>\n<\/div><\/div><\/div><\/div><\/div><\/div><\/div>","protected":false},"excerpt":{"rendered":"<p>Kontakt Formularz kontaktowy Imi\u0119, Nazwisko Adres Email Wiadomo\u015b\u0107 Serdecznie zapraszamy: Zapraszamy do Jaskini Eden Nasz adres: ul. Bandurskiego 22 A \/ lok. 2 05-270 Marki \/ ko\u0142o Warszawy tel. +48 [&hellip;]<\/p>\n","protected":false},"author":1,"featured_media":0,"parent":0,"menu_order":6,"comment_status":"closed","ping_status":"closed","template":"page_front-page.php","meta":{"footnotes":""},"class_list":["post-2548","page","type-page","status-publish","hentry"],"_links":{"self":[{"href":"https:\/\/jaskiniaeden.pl\/index.php?rest_route=\/wp\/v2\/pages\/2548","targetHints":{"allow":["GET"]}}],"collection":[{"href":"https:\/\/jaskiniaeden.pl\/index.php?rest_route=\/wp\/v2\/pages"}],"about":[{"href":"https:\/\/jaskiniaeden.pl\/index.php?rest_route=\/wp\/v2\/types\/page"}],"author":[{"embeddable":true,"href":"https:\/\/jaskiniaeden.pl\/index.php?rest_route=\/wp\/v2\/users\/1"}],"replies":[{"embeddable":true,"href":"https:\/\/jaskiniaeden.pl\/index.php?rest_route=%2Fwp%2Fv2%2Fcomments&post=2548"}],"version-history":[{"count":17,"href":"https:\/\/jaskiniaeden.pl\/index.php?rest_route=\/wp\/v2\/pages\/2548\/revisions"}],"predecessor-version":[{"id":2857,"href":"https:\/\/jaskiniaeden.pl\/index.php?rest_route=\/wp\/v2\/pages\/2548\/revisions\/2857"}],"wp:attachment":[{"href":"https:\/\/jaskiniaeden.pl\/index.php?rest_route=%2Fwp%2Fv2%2Fmedia&parent=2548"}],"curies":[{"name":"wp","href":"https:\/\/api.w.org\/{rel}","templated":true}]}}