{"id":2543,"date":"2016-10-06T23:18:48","date_gmt":"2016-10-06T23:18:48","guid":{"rendered":"http:\/\/jaskinia-eden.pl\/?page_id=2543"},"modified":"2017-10-02T10:04:38","modified_gmt":"2017-10-02T10:04:38","slug":"oferta","status":"publish","type":"page","link":"https:\/\/jaskiniaeden.pl\/?page_id=2543","title":{"rendered":"Oferta"},"content":{"rendered":"<div id=\"pl-2543\"  class=\"panel-layout\" ><div id=\"pg-2543-0\"  class=\"panel-grid panel-has-style\" ><div style=\"background-color: #ffffff; \" class=\"panel-row-style panel-row-style-for-2543-0\" ><div id=\"pgc-2543-0-0\"  class=\"panel-grid-cell\" >\t\t<section id=\"latest-news\" class=\"latest-news-area\">\r\n\t\t\t<div class=\"container\">\r\n\t\t\t\t<h3 class=\"widget-title\"><span class=\"wow bounce\">Oferta<\/span><\/h3>\t\t\t\t<div class=\"clearfix\">\r\n\t\t\t\t\t\t\t\t\t\t\t<div class=\"blog-post col-md-4 col-sm-6 col-xs-6\">\r\n\t\t\t\t\t\t\t\t\t\t\t\t\t\t\t<div class=\"entry-thumb wow fadeInDown\">\r\n\t\t\t\t\t\t\t\t\t<a href=\"https:\/\/jaskiniaeden.pl\/?p=3066\" title=\"Oferta Produktowa\" >\r\n\t\t\t\t\t\t\t\t\t\t<img loading=\"lazy\" decoding=\"async\" width=\"400\" height=\"400\" src=\"https:\/\/jaskiniaeden.pl\/wp-content\/uploads\/2016\/10\/produkty-solne-spa-400x400.jpg\" class=\"attachment-moesia-news-thumb size-moesia-news-thumb wp-post-image\" alt=\"\" srcset=\"https:\/\/jaskiniaeden.pl\/wp-content\/uploads\/2016\/10\/produkty-solne-spa-400x400.jpg 400w, https:\/\/jaskiniaeden.pl\/wp-content\/uploads\/2016\/10\/produkty-solne-spa-150x150.jpg 150w, https:\/\/jaskiniaeden.pl\/wp-content\/uploads\/2016\/10\/produkty-solne-spa-300x300.jpg 300w, https:\/\/jaskiniaeden.pl\/wp-content\/uploads\/2016\/10\/produkty-solne-spa-360x360.jpg 360w, https:\/\/jaskiniaeden.pl\/wp-content\/uploads\/2016\/10\/produkty-solne-spa-430x430.jpg 430w, https:\/\/jaskiniaeden.pl\/wp-content\/uploads\/2016\/10\/produkty-solne-spa-100x100.jpg 100w, https:\/\/jaskiniaeden.pl\/wp-content\/uploads\/2016\/10\/produkty-solne-spa.jpg 680w\" sizes=\"auto, (max-width: 400px) 100vw, 400px\" \/>\t\t\t\t\t\t\t\t\t<\/a>\t\t\t\r\n\t\t\t\t\t\t\t\t<\/div>\t\r\n\t\t\t\t\t\t\t\t\t\t\t\t\t\r\n\t\t\t\t\t\t\t<h4 class=\"entry-title\"><a href=\"https:\/\/jaskiniaeden.pl\/?p=3066\" rel=\"bookmark\">Oferta Produktowa<\/a><\/h4>\t\t\t\t\t\t\t<div class=\"entry-summary wow fadeInUp\"><p>Latest news Produkty solne Sole termalne i algowo-termalne, sole jadalne, solanka do inhalacji, myde\u0142ka solne, lampy solne i inne&#8230; Zapraszamy do zapoznania si\u0119 z nasz\u0105 pe\u0142n\u0105 ofert\u0105. Produkty do Inhalacji [&hellip;]<\/p>\n<\/div>\r\n\t\t\t\t\t\t<\/div>\r\n\t\t\t\t\t\t\t\t\t\t\t<div class=\"blog-post col-md-4 col-sm-6 col-xs-6\">\r\n\t\t\t\t\t\t\t\t\t\t\t\t\t\t\t<div class=\"entry-thumb wow fadeInDown\">\r\n\t\t\t\t\t\t\t\t\t<a href=\"https:\/\/jaskiniaeden.pl\/?p=2590\" title=\"Relaks i praca\" >\r\n\t\t\t\t\t\t\t\t\t\t<img loading=\"lazy\" decoding=\"async\" width=\"400\" height=\"400\" src=\"https:\/\/jaskiniaeden.pl\/wp-content\/uploads\/2016\/10\/Relax-Praca-e1476587272935-400x400.jpg\" class=\"attachment-moesia-news-thumb size-moesia-news-thumb wp-post-image\" alt=\"\" srcset=\"https:\/\/jaskiniaeden.pl\/wp-content\/uploads\/2016\/10\/Relax-Praca-e1476587272935-400x400.jpg 400w, https:\/\/jaskiniaeden.pl\/wp-content\/uploads\/2016\/10\/Relax-Praca-e1476587272935-150x150.jpg 150w, https:\/\/jaskiniaeden.pl\/wp-content\/uploads\/2016\/10\/Relax-Praca-e1476587272935-300x300.jpg 300w, https:\/\/jaskiniaeden.pl\/wp-content\/uploads\/2016\/10\/Relax-Praca-e1476587272935-360x360.jpg 360w, https:\/\/jaskiniaeden.pl\/wp-content\/uploads\/2016\/10\/Relax-Praca-e1476587272935-430x430.jpg 430w, https:\/\/jaskiniaeden.pl\/wp-content\/uploads\/2016\/10\/Relax-Praca-e1476587272935-100x100.jpg 100w, https:\/\/jaskiniaeden.pl\/wp-content\/uploads\/2016\/10\/Relax-Praca-e1476587272935.jpg 650w\" sizes=\"auto, (max-width: 400px) 100vw, 400px\" \/>\t\t\t\t\t\t\t\t\t<\/a>\t\t\t\r\n\t\t\t\t\t\t\t\t<\/div>\t\r\n\t\t\t\t\t\t\t\t\t\t\t\t\t\r\n\t\t\t\t\t\t\t<h4 class=\"entry-title\"><a href=\"https:\/\/jaskiniaeden.pl\/?p=2590\" rel=\"bookmark\">Relaks i praca<\/a><\/h4>\t\t\t\t\t\t\t<div class=\"entry-summary wow fadeInUp\"><p>Wszystkim Posiadaczom Honorowanych przez nas kart f-my Benefit Systems, OK.Systems,\u00a0FitProfit, FitSport, Fitflex proponujemy Relax po lub przed p\u00f3j\u015bciem do pracy. Jednak je\u015bli Wasza praca nie ogranicza si\u0119 do biura lub\u00a0sta\u0142ego [&hellip;]<\/p>\n<\/div>\r\n\t\t\t\t\t\t<\/div>\r\n\t\t\t\t\t\t\t\t\t\t\t<div class=\"blog-post col-md-4 col-sm-6 col-xs-6\">\r\n\t\t\t\t\t\t\t\t\t\t\t\t\t\t\t<div class=\"entry-thumb wow fadeInDown\">\r\n\t\t\t\t\t\t\t\t\t<a href=\"https:\/\/jaskiniaeden.pl\/?p=2593\" title=\"Spotkania\/Seanse biznesowe\" >\r\n\t\t\t\t\t\t\t\t\t\t<img loading=\"lazy\" decoding=\"async\" width=\"400\" height=\"400\" src=\"https:\/\/jaskiniaeden.pl\/wp-content\/uploads\/2016\/10\/seanse-biznesowe-400x400.jpg\" class=\"attachment-moesia-news-thumb size-moesia-news-thumb wp-post-image\" alt=\"\" srcset=\"https:\/\/jaskiniaeden.pl\/wp-content\/uploads\/2016\/10\/seanse-biznesowe-400x400.jpg 400w, https:\/\/jaskiniaeden.pl\/wp-content\/uploads\/2016\/10\/seanse-biznesowe-150x150.jpg 150w, https:\/\/jaskiniaeden.pl\/wp-content\/uploads\/2016\/10\/seanse-biznesowe-300x300.jpg 300w, https:\/\/jaskiniaeden.pl\/wp-content\/uploads\/2016\/10\/seanse-biznesowe-360x360.jpg 360w, https:\/\/jaskiniaeden.pl\/wp-content\/uploads\/2016\/10\/seanse-biznesowe-430x430.jpg 430w, https:\/\/jaskiniaeden.pl\/wp-content\/uploads\/2016\/10\/seanse-biznesowe-100x100.jpg 100w, https:\/\/jaskiniaeden.pl\/wp-content\/uploads\/2016\/10\/seanse-biznesowe.jpg 680w\" sizes=\"auto, (max-width: 400px) 100vw, 400px\" \/>\t\t\t\t\t\t\t\t\t<\/a>\t\t\t\r\n\t\t\t\t\t\t\t\t<\/div>\t\r\n\t\t\t\t\t\t\t\t\t\t\t\t\t\r\n\t\t\t\t\t\t\t<h4 class=\"entry-title\"><a href=\"https:\/\/jaskiniaeden.pl\/?p=2593\" rel=\"bookmark\">Spotkania\/Seanse biznesowe<\/a><\/h4>\t\t\t\t\t\t\t<div class=\"entry-summary wow fadeInUp\"><p>SPOTKANIA BIZNESOWE (aktualnie) DO 10\u00a0 OS\u00d3B!\u00a0 KOMFORTOWO, ZDROWO I KAMERALNIE . Jest to oferta skierowana zar\u00f3wno dla firm jak i os\u00f3b prywatnych.\u00a0Ka\u017cdy z nas spotyka si\u0119 z przedstawicielami handlowymi, klientami [&hellip;]<\/p>\n<\/div>\r\n\t\t\t\t\t\t<\/div>\r\n\t\t\t\t\t\t\t\t\t\t\t<div class=\"blog-post col-md-4 col-sm-6 col-xs-6\">\r\n\t\t\t\t\t\t\t\t\t\t\t\t\t\t\t<div class=\"entry-thumb wow fadeInDown\">\r\n\t\t\t\t\t\t\t\t\t<a href=\"https:\/\/jaskiniaeden.pl\/?p=2596\" title=\"Seans we dwoje\" >\r\n\t\t\t\t\t\t\t\t\t\t<img loading=\"lazy\" decoding=\"async\" width=\"400\" height=\"400\" src=\"https:\/\/jaskiniaeden.pl\/wp-content\/uploads\/2016\/10\/Seanse-we-dwoje-400x400.jpg\" class=\"attachment-moesia-news-thumb size-moesia-news-thumb wp-post-image\" alt=\"\" srcset=\"https:\/\/jaskiniaeden.pl\/wp-content\/uploads\/2016\/10\/Seanse-we-dwoje-400x400.jpg 400w, https:\/\/jaskiniaeden.pl\/wp-content\/uploads\/2016\/10\/Seanse-we-dwoje-150x150.jpg 150w, https:\/\/jaskiniaeden.pl\/wp-content\/uploads\/2016\/10\/Seanse-we-dwoje-300x300.jpg 300w, https:\/\/jaskiniaeden.pl\/wp-content\/uploads\/2016\/10\/Seanse-we-dwoje-360x360.jpg 360w, https:\/\/jaskiniaeden.pl\/wp-content\/uploads\/2016\/10\/Seanse-we-dwoje-430x430.jpg 430w, https:\/\/jaskiniaeden.pl\/wp-content\/uploads\/2016\/10\/Seanse-we-dwoje-100x100.jpg 100w, https:\/\/jaskiniaeden.pl\/wp-content\/uploads\/2016\/10\/Seanse-we-dwoje.jpg 680w\" sizes=\"auto, (max-width: 400px) 100vw, 400px\" \/>\t\t\t\t\t\t\t\t\t<\/a>\t\t\t\r\n\t\t\t\t\t\t\t\t<\/div>\t\r\n\t\t\t\t\t\t\t\t\t\t\t\t\t\r\n\t\t\t\t\t\t\t<h4 class=\"entry-title\"><a href=\"https:\/\/jaskiniaeden.pl\/?p=2596\" rel=\"bookmark\">Seans we dwoje<\/a><\/h4>\t\t\t\t\t\t\t<div class=\"entry-summary wow fadeInUp\"><p>Proponujemy wyj\u0105tkowe miejsce dla \u00a0wyj\u0105tkowej i \u00a0bliskiej Ci osoby.\u00a0Zazwyczaj my\u015blimy o naszych bliskich w dniu urodzin, imienin, zbli\u017caj\u0105cej si\u0119 rocznicy&#8230;\u00a0a przecie\u017c chcieliby\u015bmy zawsze czu\u0107 si\u0119 wyj\u0105tkowo. Je\u015bli nie masz pomys\u0142u [&hellip;]<\/p>\n<\/div>\r\n\t\t\t\t\t\t<\/div>\r\n\t\t\t\t\t\t\t\t\t\t\t<div class=\"blog-post col-md-4 col-sm-6 col-xs-6\">\r\n\t\t\t\t\t\t\t\t\t\t\t\t\t\t\t<div class=\"entry-thumb wow fadeInDown\">\r\n\t\t\t\t\t\t\t\t\t<a href=\"https:\/\/jaskiniaeden.pl\/?p=2604\" title=\"Spotkania znajomych i babskie wieczorki\" >\r\n\t\t\t\t\t\t\t\t\t\t<img loading=\"lazy\" decoding=\"async\" width=\"400\" height=\"400\" src=\"https:\/\/jaskiniaeden.pl\/wp-content\/uploads\/2016\/10\/spotkania-znajomych-400x400.jpg\" class=\"attachment-moesia-news-thumb size-moesia-news-thumb wp-post-image\" alt=\"\" srcset=\"https:\/\/jaskiniaeden.pl\/wp-content\/uploads\/2016\/10\/spotkania-znajomych-400x400.jpg 400w, https:\/\/jaskiniaeden.pl\/wp-content\/uploads\/2016\/10\/spotkania-znajomych-150x150.jpg 150w, https:\/\/jaskiniaeden.pl\/wp-content\/uploads\/2016\/10\/spotkania-znajomych-300x300.jpg 300w, https:\/\/jaskiniaeden.pl\/wp-content\/uploads\/2016\/10\/spotkania-znajomych-360x360.jpg 360w, https:\/\/jaskiniaeden.pl\/wp-content\/uploads\/2016\/10\/spotkania-znajomych-430x430.jpg 430w, https:\/\/jaskiniaeden.pl\/wp-content\/uploads\/2016\/10\/spotkania-znajomych-100x100.jpg 100w, https:\/\/jaskiniaeden.pl\/wp-content\/uploads\/2016\/10\/spotkania-znajomych.jpg 680w\" sizes=\"auto, (max-width: 400px) 100vw, 400px\" \/>\t\t\t\t\t\t\t\t\t<\/a>\t\t\t\r\n\t\t\t\t\t\t\t\t<\/div>\t\r\n\t\t\t\t\t\t\t\t\t\t\t\t\t\r\n\t\t\t\t\t\t\t<h4 class=\"entry-title\"><a href=\"https:\/\/jaskiniaeden.pl\/?p=2604\" rel=\"bookmark\">Spotkania znajomych i babskie wieczorki<\/a><\/h4>\t\t\t\t\t\t\t<div class=\"entry-summary wow fadeInUp\"><p>Ka\u017cdy z nas ma grup\u0119 os\u00f3b, z kt\u00f3rymi chcia\u0142by si\u0119 spotyka\u0107, ale cz\u0119sto jest to k\u0142opotliwe ze wzgl\u0119du\u00a0na miejsce. Powstaje pytanie u kogo?, gdzie? Najlepiej czujemy si\u0119 w domu, ale [&hellip;]<\/p>\n<\/div>\r\n\t\t\t\t\t\t<\/div>\r\n\t\t\t\t\t\t\t\t\t\t\t<div class=\"blog-post col-md-4 col-sm-6 col-xs-6\">\r\n\t\t\t\t\t\t\t\t\t\t\t\t\t\t\t<div class=\"entry-thumb wow fadeInDown\">\r\n\t\t\t\t\t\t\t\t\t<a href=\"https:\/\/jaskiniaeden.pl\/?p=2583\" title=\"Haloterapia dla zdrowia Wellness &#038; SPA\" >\r\n\t\t\t\t\t\t\t\t\t\t<img loading=\"lazy\" decoding=\"async\" width=\"400\" height=\"400\" src=\"https:\/\/jaskiniaeden.pl\/wp-content\/uploads\/2016\/10\/jaskinia-solna_spa-e1476584105860-400x400.jpg\" class=\"attachment-moesia-news-thumb size-moesia-news-thumb wp-post-image\" alt=\"\" srcset=\"https:\/\/jaskiniaeden.pl\/wp-content\/uploads\/2016\/10\/jaskinia-solna_spa-e1476584105860-400x400.jpg 400w, https:\/\/jaskiniaeden.pl\/wp-content\/uploads\/2016\/10\/jaskinia-solna_spa-e1476584105860-150x150.jpg 150w, https:\/\/jaskiniaeden.pl\/wp-content\/uploads\/2016\/10\/jaskinia-solna_spa-e1476584105860-300x300.jpg 300w, https:\/\/jaskiniaeden.pl\/wp-content\/uploads\/2016\/10\/jaskinia-solna_spa-e1476584105860-360x360.jpg 360w, https:\/\/jaskiniaeden.pl\/wp-content\/uploads\/2016\/10\/jaskinia-solna_spa-e1476584105860-430x430.jpg 430w, https:\/\/jaskiniaeden.pl\/wp-content\/uploads\/2016\/10\/jaskinia-solna_spa-e1476584105860-100x100.jpg 100w, https:\/\/jaskiniaeden.pl\/wp-content\/uploads\/2016\/10\/jaskinia-solna_spa-e1476584105860.jpg 680w\" sizes=\"auto, (max-width: 400px) 100vw, 400px\" \/>\t\t\t\t\t\t\t\t\t<\/a>\t\t\t\r\n\t\t\t\t\t\t\t\t<\/div>\t\r\n\t\t\t\t\t\t\t\t\t\t\t\t\t\r\n\t\t\t\t\t\t\t<h4 class=\"entry-title\"><a href=\"https:\/\/jaskiniaeden.pl\/?p=2583\" rel=\"bookmark\">Haloterapia dla zdrowia Wellness &#038; SPA<\/a><\/h4>\t\t\t\t\t\t\t<div class=\"entry-summary wow fadeInUp\"><p>Skorzystaj z leczniczych inhalacji, wskazanych przy: alergiach i astmie\u00a0wspomagaj\u0105cych r\u00f3wnie\u017c leczenie zapalenia oskrzeli, p\u0142uc, gard\u0142a, zatok, uszu\u00a0a tak\u017ce relaksuj\u0105cych i dobroczynnych &#8211; zw\u0142aszcza przy codziennym stresie Podczas pobytu w Prawdziwej [&hellip;]<\/p>\n<\/div>\r\n\t\t\t\t\t\t<\/div>\r\n\t\t\t\t\t\t\t\t\t\t\t<div class=\"blog-post col-md-4 col-sm-6 col-xs-6\">\r\n\t\t\t\t\t\t\t\t\t\t\t\t\t\t\t<div class=\"entry-thumb wow fadeInDown\">\r\n\t\t\t\t\t\t\t\t\t<a href=\"https:\/\/jaskiniaeden.pl\/?p=2627\" title=\"Oferty specjalne i promocje\" >\r\n\t\t\t\t\t\t\t\t\t\t<img loading=\"lazy\" decoding=\"async\" width=\"400\" height=\"400\" src=\"https:\/\/jaskiniaeden.pl\/wp-content\/uploads\/2016\/10\/oferty-specjalne-promocje-okazje-400x400.jpg\" class=\"attachment-moesia-news-thumb size-moesia-news-thumb wp-post-image\" alt=\"\" srcset=\"https:\/\/jaskiniaeden.pl\/wp-content\/uploads\/2016\/10\/oferty-specjalne-promocje-okazje-400x400.jpg 400w, https:\/\/jaskiniaeden.pl\/wp-content\/uploads\/2016\/10\/oferty-specjalne-promocje-okazje-150x150.jpg 150w, https:\/\/jaskiniaeden.pl\/wp-content\/uploads\/2016\/10\/oferty-specjalne-promocje-okazje-300x300.jpg 300w, https:\/\/jaskiniaeden.pl\/wp-content\/uploads\/2016\/10\/oferty-specjalne-promocje-okazje-360x360.jpg 360w, https:\/\/jaskiniaeden.pl\/wp-content\/uploads\/2016\/10\/oferty-specjalne-promocje-okazje-430x430.jpg 430w, https:\/\/jaskiniaeden.pl\/wp-content\/uploads\/2016\/10\/oferty-specjalne-promocje-okazje-100x100.jpg 100w, https:\/\/jaskiniaeden.pl\/wp-content\/uploads\/2016\/10\/oferty-specjalne-promocje-okazje.jpg 680w\" sizes=\"auto, (max-width: 400px) 100vw, 400px\" \/>\t\t\t\t\t\t\t\t\t<\/a>\t\t\t\r\n\t\t\t\t\t\t\t\t<\/div>\t\r\n\t\t\t\t\t\t\t\t\t\t\t\t\t\r\n\t\t\t\t\t\t\t<h4 class=\"entry-title\"><a href=\"https:\/\/jaskiniaeden.pl\/?p=2627\" rel=\"bookmark\">Oferty specjalne i promocje<\/a><\/h4>\t\t\t\t\t\t\t<div class=\"entry-summary wow fadeInUp\"><p>WALCZE ZE STRESEM ODDECHEM! Podaruj sobie i najbli\u017cszym to co najcenniejsze &#8211; ZDROWIE! Aktualne PROMOCJE na naszym Profilu FB lub dzwo\u0144cie, pytajcie telefonicznie! Nasz cennik\u00a0 niezmieni\u0142 si\u0119 od ponad 5 [&hellip;]<\/p>\n<\/div>\r\n\t\t\t\t\t\t<\/div>\r\n\t\t\t\t\t\t\t\t\t<\/div>\r\n\t\t\t\t\t\t\t\t\t\t\t\t<a href=\"https:\/\/jaskiniaeden.pl\/?cat=13\" class=\"all-news\">\r\n\t\t\t\t\t\t\t\t\t\t\t\t\t\t\tSee all our news\t\t\t\t\t\r\n\t\t\t\t\t\t\t\t\t<\/a>\r\n\t\t\t<\/div>\r\n\t\t\t\t\t\t\r\n\t\t<\/section>\t\t\r\n\t<\/div><\/div><\/div><\/div>","protected":false},"excerpt":{"rendered":"<p>Oferta Relaks i praca Wszystkim Posiadaczom Honorowanych przez nas kart f-my Benefit Systems, OK.Systems a wkr\u00f3tce\u00a0r\u00f3wnie\u017c FitProfit proponujemy Relax po pracy. Jednak je\u015bli Wasza praca nie ogranicza si\u0119 do biura [&hellip;]<\/p>\n","protected":false},"author":1,"featured_media":0,"parent":0,"menu_order":3,"comment_status":"closed","ping_status":"closed","template":"page_front-page.php","meta":{"footnotes":""},"class_list":["post-2543","page","type-page","status-publish","hentry"],"_links":{"self":[{"href":"https:\/\/jaskiniaeden.pl\/index.php?rest_route=\/wp\/v2\/pages\/2543","targetHints":{"allow":["GET"]}}],"collection":[{"href":"https:\/\/jaskiniaeden.pl\/index.php?rest_route=\/wp\/v2\/pages"}],"about":[{"href":"https:\/\/jaskiniaeden.pl\/index.php?rest_route=\/wp\/v2\/types\/page"}],"author":[{"embeddable":true,"href":"https:\/\/jaskiniaeden.pl\/index.php?rest_route=\/wp\/v2\/users\/1"}],"replies":[{"embeddable":true,"href":"https:\/\/jaskiniaeden.pl\/index.php?rest_route=%2Fwp%2Fv2%2Fcomments&post=2543"}],"version-history":[{"count":3,"href":"https:\/\/jaskiniaeden.pl\/index.php?rest_route=\/wp\/v2\/pages\/2543\/revisions"}],"predecessor-version":[{"id":2931,"href":"https:\/\/jaskiniaeden.pl\/index.php?rest_route=\/wp\/v2\/pages\/2543\/revisions\/2931"}],"wp:attachment":[{"href":"https:\/\/jaskiniaeden.pl\/index.php?rest_route=%2Fwp%2Fv2%2Fmedia&parent=2543"}],"curies":[{"name":"wp","href":"https:\/\/api.w.org\/{rel}","templated":true}]}}